1001
In base 13, what is 4 - -10?
14
In base 10, what is 14 + 9?
23
In base 9, what is 5 - 102?
-86
In base 9, what is -15 + 440?
424
In base 11, what is -1413 - 0?
-1413
In base 5, what is -10 + 240?
230
In base 10, what is 146 + -4?
142
In base 3, what is 1 + 11212?
11220
In base 11, what is -671 + -5?
-676
In base 10, what is -15 - 46?
-61
In base 13, what is 3 - 227?
-224
In base 4, what is 2210 + 10?
2220
In base 7, what is -20 + 4?
-13
In base 8, what is -4 - 127?
-133
In base 14, what is 3 + 24?
27
In base 6, what is 1 - 1231?
-1230
In base 15, what is -1e + b?
-13
In base 12, what is -18 - 37?
-53
In base 5, what is 10 + -12403?
-12343
In base 7, what is 0 + 200?
200
In base 6, what is -120 + -5?
-125
In base 10, what is -77 + 2?
-75
In base 16, what is 0 + -21?
-21
In base 4, what is -103223 - -1?
-103222
In base 11, what is -19 + -8?
-26
In base 12, what is -1 - 2b?
-30
In base 4, what is -12 - -111232?
111220
In base 2, what is 100010001 + -10000?
100000001
In base 9, what is 15 + -10?
5
In base 6, what is -14255 + 1?
-14254
In base 14, what is -2052 + 2?
-2050
In base 11, what is 4 - -5?
9
In base 4, what is 2 - 323?
-321
In base 16, what is -7 - -103?
fc
In base 14, what is -3 + -1b8c?
-1b91
In base 13, what is a - -7?
14
In base 6, what is 104 + -3?
101
In base 11, what is -8175 + -4?
-8179
In base 7, what is 15366 - 5?
15361
In base 2, what is 11011001111 - 100?
11011001011
In base 12, what is -26 + -25?
-4b
In base 16, what is -5 + -1165?
-116a
In base 3, what is -12 - -220?
201
In base 2, what is 1 - 11101?
-11100
In base 11, what is -318 - -4?
-314
In base 7, what is 33 - 33?
0
In base 9, what is 4 - 77?
-73
In base 6, what is 3104 + 3?
3111
In base 3, what is 1011000 + -11?
1010212
In base 11, what is 22 + -4?
19
In base 5, what is 10 + 31034?
31044
In base 3, what is 21222 + -10?
21212
In base 3, what is 1 + -1002222?
-1002221
In base 12, what is 1515 - -1?
1516
In base 11, what is -2 + -9?
-10
In base 16, what is f0 + 0?
f0
In base 6, what is -2 + 1304?
1302
In base 16, what is 12 + -cc?
-ba
In base 8, what is 1 + -7126?
-7125
In base 14, what is 1 + -108?
-107
In base 9, what is 634 - -11?
645
In base 12, what is -16 - -12?
-4
In base 5, what is 10 + 4014?
4024
In base 10, what is 17 - -47?
64
In base 2, what is -111 - 110?
-1101
In base 3, what is 12 + 0?
12
In base 15, what is -24 + 3?
-21
In base 11, what is 0 + 166?
166
In base 6, what is -3 + -11305?
-11312
In base 8, what is 412 + 3?
415
In base 3, what is 12 - -11221?
12010
In base 16, what is 17 + 49?
60
In base 6, what is 12511 - -3?
12514
In base 8, what is 34 + 551?
605
In base 10, what is 20 - -25?
45
In base 2, what is -1001110011001 + 1?
-1001110011000
In base 13, what is -35 - 0?
-35
In base 10, what is -7189 - 2?
-7191
In base 9, what is 0 + 363?
363
In base 10, what is -2 - 635?
-637
In base 2, what is -11 + 10100100101?
10100100010
In base 9, what is -13 + -15?
-28
In base 4, what is 1 - -1023133?
1023200
In base 14, what is 1a - -c?
28
In base 9, what is 5 + 36?
42
In base 9, what is -2 - 42?
-44
In base 13, what is 32 - -13?
45
In base 9, what is -13 - 40?
-53
In base 5, what is 424 - -30?
1004
In base 5, what is 11 - -31?
42
In base 4, what is -11 + -333?
-1010
In base 10, what is -10 - 406?
-416
In base 13, what is -7c - -5?
-77
In base 4, what is -321 - -2213?
1232
In base 7, what is 3313 + 3?
3316
In base 5, what is -4 - 403?
-412
In base 2, what is 10001111 - 10110?
1111001
In base 10, what is -210 - 19?
-229
In base 10, what is -30 + -9?
-39
In base 4, what is -2 - 10011?
-10013
In base 11, what is 378 - 3?
375
In base 8, what is 301 + -13?
266
In base 5, what is 10 + -44?
-34
In base 7, what is -232 - -10?
-222
In base 6, what is 4 + 215?
223
In base 2, what is 10111010000100 - -101?
10111010001001
In base 7, what is 15 - 6356?
-6341
In base 7, what is -434 - 20?
-454
In base 2, what is 110 + 0?
110
In base 4, what is -210 - 2?
-212
In base 16, what is 4dc - -3?
4df
In base 14, what is 0 - 37?
-37
In base 11, what is 0 - 133?
-133
In base 3, what is 1022 + 1?
1100
In base 15, what is 4 + -804?
-800
In base 10, what is 1 - 4086?
-4085
In base 12, what is -2 - 283?
-285
In base 8, what is -1 + 41?
40
In base 7, what is 10 + -341?
-331
In base 15, what is ee + -1?
ed
In base 10, what is 0 - 3?
-3
In base 6, what is -24 + -20?
-44
In base 4, what is -3 - -12333?
12330
In base 16, what is 19e9 - -4?
19ed
In base 5, what is -13104 - -10?
-13044
In base 4, what is 31132 + 10?
31202
In base 11, what is 69 + 2?
70
In base 9, what is 16 - 14?
2
In base 5, what is -23414 + 1?
-23413
In base 9, what is -1 - -131?
130
In base 8, what is -100 - 3?
-103
In base 7, what is 1 - -2266?
2300
In base 11, what is -3 + a32?
a2a
In base 7, what is 111 + -56?
22
In base 13, what is 20 - -16?
36
In base 14, what is 1 + -780?
-77d
In base 8, what is -224 + -224?
-450
In base 15, what is -17 - -4?
-13
In base 16, what is -e - -11?
3
In base 8, what is 337 - 4?
333
In base 3, what is 10110101 + 2?
10110110
In base 10, what is 23 - 47?
-24
In base 3, what is -11210020 + -11?
-11210101
In base 12, what is -40 + 7?
-35
In base 6, what is 0 + 351?
351
In base 2, what is -100010 - 111010?
-1011100
In base 9, what is 12 - -14?
26
In base 16, what is -726 - 3?
-729
In base 16, what is -4 + 31?
2d
In base 15, what is -1 + -2cb?
-2cc
In base 2, what is 111001011100 - -100?
111001100000
In base 8, what is -5 + 3002?
2775
In base 13, what is 7 - -64?
6b
In base 2, what is -10100010 + 101?
-10011101
In base 9, what is 1673 + -13?
1660
In base 10, what is 48277 - 3?
48274
In base 5, what is -4 + -3100?
-3104
In base 4, what is -1 - 2032?
-2033
In base 16, what is 2f - -23?
52
In base 9, what is 22 - 162?
-140
In base 7, what is 605 + -26?
546
In base 15, what is -1 - 3dd?
-3de
In base 16, what is 498 - -5?
49d
In base 16, what is 9 + 3?
c
In base 11, what is 1 - 594?
-593
In base 13, what is 3 + a03?
a06
In base 15, what is -17 - 6?
-1d
In base 8, what is 0 + 152?
152
In base 14, what is 6a + 4?
70
In base 12, what is 3 - 1a9?
-1a6
In base 6, what is 2 - -3243?
3245
In base 14, what is 13 - -3d?
52
In base 2, what is 100010100 - 0?
100010100
In base 5, what is -432 - -3?
-424
In base 4, what is 3 - -131231?
131300
In base 10, what is 3 - -2074?
2077
In base 10, what is 22 - -8?
30
In base 5, what is -10044 - -12?
-10032
In base 3, what is 1 + -120111?
-120110
In base 3, what is -110 + -11112?
-11222
In base 4, what is -1 - 101?
-102
In base 16, what is -c47 - -3?
-c44
In base 14, what is ad8 + -4?
ad4
In base 2, what is -1001011 + 11?
-1001000
In base 15, what is 64 - 1?
63
In base 5, what is -1002 + 1?
-1001
In base 12, what is 5 + -87?
-82
In base 15, what is -166 - -3?
-163
In base 15, what is a14 + 3?
a17
In base 14, what is bc9 + 0?
bc9
In base 16, what is -80 + 7?
-79
In base 6, what is -4 - 4252?
-4300
In base 6, what is 21435 + 4?
21443
In base 11, what is 5 + -165?
-160
In base 5, what is -1013 + 10?
-1003
In base 5, what is -102210 + -10?
-102220
In base 2, what is 100 - -1001100?
1010000
In base 3, what is -11 - -10012?
10001
In base 5, what is 3432 - 1?
3431
In base 9, what is -3487 - -3?
-3484
In base 9, what is 32 + 14?
46
In base 10, what is -5 + 22?
17
In base 5, what is 4 + -303?
-244
In base 3, what is -12 - 12000221?
-12001010
In base 2, what is 100 + 110001101100?
110001110000
In base 12, what is 4 - 7a?
-76
In base 4, what is -2 + -1232?
-1300
In base 14, what is -28 + d?
-19
In base 11, what is 1 - -22?
23
In base 9, what is 113 - 11?
102
In base 12, what is 2 + -699?
-697
In base 13, what is -121bc - 1?
-121c0
In base 14, what is 1405 - 3?
1402
In base 11, what is 143 + 68?
200
In base 15, what is -4d83 - -4?
-4d7e
In base 15, what is 2 - 2a7?
-2a5
In base 8, what is 11 + 22?
33
In base 14, what is 22 - -26?
48
In base 16, what is 2 - -27?
29
In base 9, what is -38 - -57?
18
In base 5, what is 0 - 1233?
-1233
In base 15, what is 16 - -14?
2a
In base 9, what is -284 - 1?
-285
In base 5, what is -1 - 30034?
-30040
In base 5, what is 10 - 13122?
-13112
In base 14, what is -1 - -2c2?
2c1
In base 5, what is -41 - -10?
-31
In base 4, what is 313100 - -11?
313111
In base 9, what is 5 - -104?
110
In base 10, what is 44 - 33?
11
In base 4, what is -20131 - 22?
-20213